4204757 composite?
False
Is 635338999 a prime number?
True
Is 30784050557 composite?
True
Is 1031551421 a composite number?
False
Is 2738206153 composite?
False
Is 294301741 composite?
False
Is 3351939961 a composite number?
True
Is 258367415791 a composite number?
False
Is 25395203063 composite?
False
Is 34035193003 prime?
False
Is 14163224839 a composite number?
True
Is 807018253 prime?
True
Is 81443483153 composite?
False
Is 16912149 prime?
False
Is 1317378677 composite?
False
Is 127413475601 prime?
True
Is 5485178521 composite?
False
Is 792657847 composite?
True
Is 11935440787 a prime number?
True
Is 57538894313 a composite number?
False
Is 4940892403 a prime number?
True
Is 2057506391 a prime number?
True
Is 84118253117 composite?
False
Is 757438289 a prime number?
False
Is 4334888561 a composite number?
False
Is 2079627469 prime?
False
Is 6659285639 prime?
True
Is 1137367321 a prime number?
False
Is 1358226349 composite?
False
Is 37051590179 a composite number?
True
Is 6808339427 composite?
False
Is 993369809 prime?
False
Is 6396804929 a prime number?
False
Is 4952116613 a prime number?
True
Is 8245379237 composite?
False
Is 13532766589 a composite number?
False
Is 6372662623 a prime number?
False
Is 9969143357 a prime number?
True
Is 667687469 prime?
True
Is 1929505517 composite?
True
Is 173802841 a composite number?
False
Is 605013421 prime?
True
Is 93429576263 a composite number?
True
Is 1986439097 a composite number?
False
Is 12701860657 prime?
True
Is 2294476229 a prime number?
True
Is 4459339667 a prime number?
True
Is 30822293371 prime?
False
Is 8423041694 a prime number?
False
Is 52346037113 a composite number?
False
Is 2692434941 a composite number?
True
Is 909348043 a composite number?
True
Is 67041227503 composite?
False
Is 498143807 composite?
True
Is 964084137 a prime number?
False
Is 34384361719 prime?
False
Is 11781350818 composite?
True
Is 5613290401 prime?
False
Is 305260349 prime?
False
Is 372796841 a composite number?
False
Is 2305761067 a prime number?
True
Is 1280199359 a prime number?
False
Is 761006213 composite?
True
Is 2278799233 composite?
True
Is 201134396363 composite?
True
Is 1164255635 composite?
True
Is 97840847 prime?
False
Is 10286304943 a composite number?
False
Is 66600049 prime?
True
Is 25012285033 a composite number?
False
Is 12308316029 a prime number?
True
Is 971141117 composite?
False
Is 493512553487 prime?
True
Is 9293974769 composite?
False
Is 1429515793 a composite number?
False
Is 607572389 a prime number?
True
Is 6561844565 prime?
False
Is 7667211309 a prime number?
False
Is 5882806781 composite?
True
Is 28614649289 a prime number?
True
Is 3175803893 a prime number?
True
Is 175604431 a composite number?
False
Is 156154073 a prime number?
False
Is 3229690483 prime?
False
Is 3394792411 prime?
False
Is 8292316529 prime?
False
Is 2402179231 a composite number?
True
Is 17443051009 composite?
True
Is 26543247739 prime?
True
Is 19966939961 composite?
True
Is 13827707081 a prime number?
False
Is 2110096543 a composite number?
True
Is 2559374051 a prime number?
False
Is 16182480971 prime?
False
Is 6922045358 a composite number?
True
Is 32934633961 a prime number?
False
Is 763471 a composite number?
False
Is 791453197 a prime number?
True
Is 19795441795 a composite number?
True
Is 395038963849 a prime number?
True
Is 12907295683 prime?
True
Is 22340978453 a composite number?
False
Is 225837869 composite?
True
Is 2236402249 a prime number?
True
Is 14579611723 a composite number?
True
Is 3394157 composite?
True
Is 6050704841 prime?
True
Is 88323835343 a composite number?
True
Is 3144867983 a composite number?
False
Is 255408611 a composite number?
True
Is 603489379 prime?
False
Is 188438912213 composite?
False
Is 18361642121 composite?
False
Is 230574829 prime?
True
Is 6677526433 prime?
True
Is 7617076277 composite?
False
Is 3098538413 composite?
True
Is 2936985091 composite?
False
Is 4302641767 composite?
False
Is 4090480259 a prime number?
True
Is 1099675403 prime?
False
Is 38023093 prime?
True
Is 508336849 prime?
False
Is 3193433869 prime?
False
Is 437289799 a prime number?
True
Is 493698851 a prime number?
True
Is 211604209361 a prime number?
False
Is 47007933839 a composite number?
True
Is 1944599921 a prime number?
False
Is 199168703 prime?
False
Is 26997001069 a prime number?
True
Is 223391041 a prime number?
True
Is 13844780591 a prime number?
False
Is 821621027 a prime number?
True
Is 5007544457 composite?
False
Is 238490417 composite?
True
Is 34777877 a prime number?
False
Is 150883975699 a composite number?
False
Is 336364241 a composite number?
False
Is 14869831901 a composite number?
False
Is 5870628749 composite?
False
Is 3678580517 a composite number?
False
Is 15967637041 prime?
False
Is 74128029061 a prime number?
True
Is 1216450049 prime?
True
Is 43824734 prime?
False
Is 1903501255 a prime number?
False
Is 62033959898 composite?
True
Is 4068610081 prime?
True
Is 2820140981 a composite number?
True
Is 50035016303 a prime number?
True
Is 474471247 composite?
True
Is 26359703102 prime?
False
Is 3274278481 composite?
True
Is 3939134291 prime?
True
Is 6177149977 prime?
True
Is 35899541857 prime?
False
Is 4950863261 a prime number?
True
Is 8395291 a composite number?
False
Is 1309931437 a composite number?
True
Is 16257408851 a composite number?
False
Is 1347204919 composite?
True
Is 4378280767 a composite number?
True
Is 281478401311 a prime number?
False
Is 21729086057 a prime number?
False
Is 70650143 a composite number?
True
Is 1890615059 a prime number?
False
Is 3586968311 composite?
False
Is 799301686 a prime number?
False
Is 10498156183 composite?
True
Is 1600455347 composite?
False
Is 369303146 prime?
False
Is 46452983363 a composite number?
False
Is 3285559619 composite?
True
Is 291627719 a prime number?
False
Is 74302643005 composite?
True
Is 870231031 prime?
True
Is 32811675209 composite?
False
Is 2720948443 a composite number?
True
Is 309198731 a prime number?
True
Is 268892177 a prime number?
False
Is 1172512067 prime?
True
Is 2487323641 composite?
True
Is 224619763 a prime number?
True
Is 307021877 prime?
False
Is 7880206381 a composite number?
False
Is 99717587 a prime number?
True
Is 1279930139 composite?
True
Is 22208608381 a prime number?
True
Is 681385337 composite?
False
Is 1492337377 a composite number?
True
Is 1125792527 a prime number?
True
Is 46283034883 a prime number?
True
Is 26840770141 composite?
True
Is 1371731573 a composite number?
True
Is 2176461359 prime?
True
Is 2167249309 composite?
False
Is 2033298551 prime?
False
Is 380369291 prime?
True
Is 79311989 composite?
True
Is 930665293 a composite number?
False
Is 5623247137 a composite number?
True
Is 4124465305 prime?
False
Is 3464018627 a prime number?
True
Is 1570217233 composite?
True
Is 982639811 a prime number?
True
Is 4680864689 a composite number?
True
Is 21499691041 a composite number?
False
Is 2277111269 a composite number?
False
Is 34763876569 a composite number?
False
Is 13697818357 prime?
False
Is 22778544287 prime?
True
Is 31864401509 a prime number?
True
Is 4260804589 a prime number?
True
Is 221110319 a prime number?
False
Is 289487701 composite?
True
Is 2758766489 composite?
False
Is 1654949929 composite?
False
Is 17933313631 prime?
True
Is 828286871 a prime number?
True
Is 6171446951 a prime number?
True
Is 38846883877 a prime number?
True
Is 183793523 a composite number?
True
Is 40346537729 prime?
False
Is 50716663 composite?
True
Is 23672966617 composite?
False
Is 998778169 a composite number?
True
Is 3036635123 a composite number?
False
Is 7278309223 prime?
True
Is 4132870271 a prime number?
False
Is 483316121 a prime number?
True
Is 2489515169 prime?
True
Is 31107008965 a prime number?
False
Is 13711751759 composite?
False
Is 2072518667 prime?
False
Is 5598675409 composite?
False
Is 189971561 composite?
True
Is 34878755243 a prime number?
False
Is 31456741109 a prime number?
True
Is 4497482351 a prime number?
True
Is 599932267 a prime number?
False
Is 40703581 composite?
False
Is 6178578727 composite?
True
Is 5763565459 prime?
True
Is 752270533 a composite number?
True
Is 1280079982 prime?
False
Is 4824835109 a prime number?
False
Is 4176320683 a prime number?
True
Is 10377187001 a composi